-51
What is the value of -1 + 2 + 0 - (3206 + -3137)?
-68
Calculate (-1 - 12) + (-58 - -65) + 31.
25
-39 + 55 + -43 + 40
13
Evaluate (67 - -31 - 81) + -93.
-76
What is the value of (-43 + 36 - (-11 + 15)) + 20 + -2 + 1?
8
Evaluate (0 + -30 - (-35 + 23 + -11)) + -18.
-25
-60 + 5 - (-84 - (-24 - 23))
-18
Calculate (17 - (-2 - -5)) + -76 + 17.
-45
(2 - 14) + (-29 - (-28 - (-9 - 1)))
-23
-8 + (-31 - -31) - -76
68
Evaluate -2 + 28 + (-12 - (-5 + 4)) - 8.
7
What is (-37 - -42) + -42 + 44?
7
-63 - -78 - (1 + -3 + -12 + 26)
3
Evaluate (-1 - -1) + 1 + (1 - 10) + 384 + -324.
52
Evaluate 123 + -40 + -108 + -5.
-30
-74 - (-18 + 36 + (3 - 36))
-59
What is -109 - (-219 + 95) - ((-24 - -5) + -1)?
35
What is -65 - (-241 + -28 + 98)?
106
Calculate (127 - 196) + (6 - 1 - (6 - -2) - -12).
-60
What is the value of -94 + 3 + -2981 + 3070?
-2
Evaluate (6 - (23 - (11 + -3)) - -29) + 1 + -1.
20
60 + (13 - 79) + -4 + 1 + -83 - -16
-76
69 - (2 - -4 - 0 - -3 - (-4 - 0))
56
Evaluate (-26 - 1) + -129 + 10 + 102.
-44
Calculate (-391 + 413 - (35 - 0)) + 6 + -2.
-9
What is 0 + 6 - (2 - 12 - ((14 - 12) + -7))?
11
Evaluate 9 - 0 - (3965 - 4041).
85
What is the value of 10 + -6 + (8 - 19) + 18 - -6?
17
(200 - -3) + -72 + -24
107
What is the value of (33 - -47) + 22 + -51?
51
Evaluate -2 + -4 + (7 - -1) + -40.
-38
Calculate 8 - 13 - -155 - ((14 - 23) + 31).
128
(-2 - (7 - -4) - -1) + 28 + 51 + -32
35
What is 74 - (-5 + 35 + -5)?
49
What is the value of -97 - (47 - 47 - 51)?
-46
Calculate (12 - 11) + -100 - (242 + -263).
-78
What is (90 - 143) + (12 - 7 - 11)?
-59
What is the value of -1 + 88 - (-1 - -58)?
30
What is 341 + -294 + -2 + -41?
4
What is the value of (35 + 41 - -18) + -128?
-34
Evaluate 84 + (-99 - (-77 - -39)).
23
What is 2 + (1 - 1) + -2419 + 2417 - (-61 - 0)?
61
(-179 - -173) + (11 - -34)
39
What is the value of (-2 - 23) + (-5 - -11 - 5)?
-24
Evaluate 2039 + -2094 - (-9 + 3).
-49
What is the value of -10 + (2 - (1 + -1)) + 15940 + -15953?
-21
Evaluate (1 - (-12 - -12)) + (-18 - 7) + -2.
-26
What is -72 - ((-108 - -204) + -215)?
47
Calculate -13 - (71 - 70 - (-1 + 9)).
-6
What is -28 - (-30 + 25 - 21)?
-2
Evaluate -152 + 1 - (-22 - (-3 + (-17 - (-34 - -34)))).
-149
Evaluate 10 + (-15 - -25) + -51.
-31
What is the value of 38 + 14 + (-30 - 36)?
-14
21 + (-80 - (-28 + -22))
-9
What is the value of -20 + 1 + -11 + -59 + 72 - -11?
-6
What is the value of (1 - -2) + (86 - 80) + -55?
-46
What is the value of (13 + 3 + -29 - -3) + 3 - (-3 + 0)?
-4
12 + (29 - 28) - (-33 + 0)
46
Calculate (-8 - (2 - 1)) + (155 - (173 - 6)).
-21
-37 + 46 + 11 - (64 - 3)
-41
Calculate -74 + (-2521 + 2525 - (1 + (-2 - 1))).
-68
What is (-16 - -10) + (7 - (-1 - -12)) + 1 + -36?
-45
What is the value of (-8 - (-7 + 1 - (-36 + -20 + 69))) + 4?
15
-13 - (1 + (-103 - -25))
64
Calculate 1 + (59 - 33) - -23 - 28.
22
Evaluate -25 + (-32 - (-53 - -26)).
-30
What is the value of -11 - ((-11 + 20 - 0 - 125) + 16 + -4)?
93
What is 8 - (55 + -4) - (-11 + 29 + -30 + 15)?
-46
What is the value of 0 - (3 - 15) - (47 + 30 + -142)?
77
What is 2 + -40 - (-75 + 6 + 72)?
-41
37 + 33 - (7 - 3) - (1 - 6)
71
Evaluate (-1 - 55) + -2 + -12 + 11 + -15 + 15.
-59
(-22 - (32 + 15 + 48)) + -27
-144
Evaluate (31 + -8 - -3) + -7 + -1.
18
Evaluate -16 - (-60 - -30 - 46 - -9).
51
What is -5 - (-7 + -31) - (8 + (4 - 12) + -2)?
35
Evaluate 66 + -108 + 8 + 3 + -20.
-51
What is the value of -75 - (-32 + -34 + 13 + 12)?
-34
Calculate (2 - (24 - 31)) + -59.
-50
Evaluate (7 - 8) + 37 + 0 - (-2 + 5).
33
What is the value of (-2 - (-1 + 10 + 37)) + (-1 - 7)?
-56
What is -32 - 10 - ((-61 - -33) + 25)?
-39
Calculate 52 - (17 + -18) - (15 - -9).
29
What is the value of 3 - 3 - (-46 - (0 + -6 + -6))?
34
-20 + (11 - -30) - 48
-27
Calculate -1 + (-10 - (1 - 10) - (6 + -3)) - -47.
42
What is (1 - 2 - -22) + -28 + (19 - -12) - -8?
32
Calculate -2 - (1 + (-143 + 152 - (0 - -8))) - -31.
27
(-192 - -48) + 116 + -2 + -63
-93
What is -12 - (-147 - (-119 - -30))?
46
9 + -6 + (-6 + -7 - -8 - -18) + -2
14
Evaluate -9 + (1 + -6 - -23 - 4).
5
Evaluate -28 + (-26 - (7 + (20 - 161))).
80
What is 66834 - 66839 - ((1 - 0) + 0)?
-6
What is 119 + -118 - (-23 + (5 + -2 - 1))?
22
What is -38 + 51 + 4 + (23 - 37)?
3
What is the value of -56 + (-10 + (2 - 0) - (2 + -17 + 9))?
-58
Evaluate -10 + (34 - 109) + (9 - 30) - (-9 + 0).
-97
What is -20 + (60 - (49 + -3))?
-6
What is the value of 84 - (18 - 38) - 39?
65
Evaluate -47 - 73 - ((2 - -20) + -53).
-89
Evaluate (-8 + 36 - 27) + 11 - 26.
-14
What is the value of 12 + 44 + -66 + (-1 - 5)?
-16
What is the value of -34 + (2 + 1 - (-606 - -635))?
-60
What is (-53 - -32) + (-8 - (1 + -2))?
-28
What is the value of (-23 - (11 - 7)) + (-79 - -10)?
-96
Calculate -21 + (41 + -9 + -18 - (3 + -140)).
130
What is 2 + (7 - 0) - (26426 - 26410)?
-7
What is 60 - ((-1475 - -1487) + 2 + -11 + -3 + 1)?
59
What is 1 + 13 + (27 - (19 - (5 + 6) - 6))?
39
Calculate (-16 - (27 - 19)) + (-5 - ((4 - 6) + 2)).
-29
Evaluate 6 - (-3 + (-12 - (1 - 1)) + (1002 - 894)).
-87
-1 + -3 - (-122 - -82) - -13
49
What is the value of 71 + -79 + (-31 - -85)?
46
Evaluate (-3 - 3) + -10 + -61 + 34 + 19.
-24
(-13 - 1) + 2 + -76 + -26 + 111 - -9
6
What is (-1 + 26 - (13 + (-19 - -17))) + -18?
-4
64 + -10 + (-4 + 1 - 11)
40
Evaluate (6 - 35) + ((15 - 6) + -2 + -11 - -1).
-32
What is (14 + -10 - -12) + 0 + -9?
7
(1 - (15 + -5 - 24)) + -15 - (-1 + 32)
-31
Calculate 37 - (-52 + 33 - (1 + -21)).
36
What is -27 + 2 + (86 - -153) + -241?
-27
Evaluate 28 + -47 - ((-7 - 16) + 30).
-26
Evaluate -3 + 2 - (-1 + -36) - (195 + -192).
33
What is -12 + 59 + -53 + -3 - (1 + -106)?
96
Calculate -7 - ((12 + -20 + 7 - 14) + -89).
97
-66 - (-64 - (40 - 76) - (0 + -8))
-46
What is the value of -42 - (-23 + 30 + -53) - (0 - (137 + 2))?
143
Calculate (-5 - (-2 - (-5 + 3))) + (61 - (26 + 24)).
6
What is the value of -23 - (-203 + 183) - ((33 - -1) + 0 - 0)?
-37
Calculate -46 + (-21 - (-31 - (-22 - -16))).
-42
What is the value of 17 - ((-22 + -58 - (-29 - -8)) + -23)?
99
Evaluate 22 + (-10 - (-12 + 74)) + -30.
-80
What is the value of (10 - 1) + -13 + (-2 - -13) + (19 - 0)?
26
Calculate 6 + -14 + (-4 - (0 - 2)).
-10
Evaluate 41 - (71 - 44 - -21).
-7
Evaluate -1 + -14 + 3 + (127 - 27) + -5.
83
What is the value of 12 + (-87 - -160 - 131)?
-46
(-23 - (4 - (9 + -7)) - -13) + -75 - -11
-76
Evaluate -1 - ((-8 + -6 - -29) + 28).
-44
9 - ((12 - -1 - (-278 + 270)) + 3 + -3)
-12
Evaluate (-16 + -17 - -4) + 77.
48
What is (-4 - -4) + 24 + 352 + -357?
19
Calculate (14 - ((-18 - -14) + -1)) + 24.
43
Calculate 2 - (-37 - (-22 - -8 - 78)).
-53
(3 - 3) + 21 + 7 - (2 + -7 - -1)
32
10 + (19 - ((-7 + 6 - -18) + -3))
15
Evaluate -23 + 8 + 0 + -16 + (5 - (4 + -2)).
-28
Calculate (-65 - (97 + -80)) + 2.
-80
54 + (21 + -17 - (16 + -1 + 2))
41
(290 - -55 - 331) + (1 - 2 - 77)
-64
Evaluate 4 + (-8 - -4) - (12 - -2 - 21).
7
What is -1 + (-18 - -9 - -21) + (-1 - 62)?
-52
Evaluate 21 - (41 - 11 - 57).
48
Calculate -182 + 19 + -764 + 809.
-118
What is the value of -16 - -3 - ((-6 - 0) + 7 + 9)?
-23
Evaluate -4 - (16 + (21 - 45)) - 18.
-14
Evaluate 699 - 757 - (4 + -42).
-20
What is -154 + 68 - -64 - ((1 - 3) + 6 + 3)?
-29
Calculate 1 + -11 - (1 + -34 + -557 + 586).
-6
What is (49 - (53 - 14)) + -43 + -1 + 4?
-30
What is -70 - -56 - (69 - (40 - 17))?
-60
31 + -77 - 37 - -44
-39
What is 4 - 11 - (-5 - -44 - 60)?
14
(25 - (49 + -46 + 25)) + 1 + 68
66
What is 17 + (-93 - (-16 - 27))?
-33
Evaluate -3 - ((42 + -79 - -39) + -32 + -2).
29
Calculate (3 - 1) + -13 + (35 - (42 + -80)).
62
What is 8 + (-137 - -11 - (-1 + 3) - -6)?
-114
Evaluate -9 + 30 + -13 - (-93 - -111).
-10
What is the value of -1 - (37 + -44 + 19 + 18 - (0 + 2))?
-29
What is -73 + 2 + (22 + -30 + 31 - 8)?
-56
What is the value of (-15 - -13 - (3 + -10)) + 3 - (8 + -1)?
1
-12 - (1 - 14) - ((71 - 10) + -5)
-55
Evaluate (4 + 0 + (1 - 3) - -3) + -7691 + 7752.
66
Calculate 23 + 0 + -14 + 204 + -178.
35
What is (-25 - ((-13 - (-7 - 0)) + -15)) + 82?
78
10 + 42 + -38 + 33
47
Calculate -44 - ((19 - 40) + 4 - -7).
-34
What is the value of -1 + 4 - -82 - (2 + 1) - (-2 - -7)?
77
What is the value of 62 - (218 + -94) - (-28 - -1)?
-35
(28 - -1) + 6 + -15 + -13
7
Evaluate -7 + -3 - ((-8 - -1 - 15) + -1).
13
-6 + (46 - 47) + (-2 - (-8 - -2))
-3
(-5 - -7 - 6 -